u) a composite number?
True
Suppose 2 = -8*z + 9*z. Let c(f) = 13*f**z + 26*f**2 - 13 - 10*f**2 - 31*f + 4*f**2. Is c(-9) composite?
False
Let r(g) = 598*g - 12551. Is r(118) a composite number?
False
Is (1 + -6 - (-139216472)/(-696))/(4/(-18)) composite?
True
Let n(r) = 848*r + 41. Let k(w) = -w + 3. Let t(h) = -4*k(h) + n(h). Is t(6) composite?
True
Let x be (6/(-4))/(3 - (-492)/(-160)). Let a = x + -22. Is (-1*a/(-1))/((-4)/678) a composite number?
True
Is (-703)/148 + (8 - 2) - 19139292/(-16) prime?
False
Let g be ((-28)/(-42))/(-2*(-1)/(-9)). Let b(s) = 7*s**2 - 13*s + 1. Let q(l) = -l**3 - 6*l**2 + 12*l. Let f(a) = 4*b(a) + 5*q(a). Is f(g) composite?
False
Suppose -24*w - 79 + 7 = 0. Is -4 - 343305/(-40) - w/8 composite?
True
Let u(l) be the second derivative of 0 + 5*l**2 - 14/3*l**3 - 3*l. Is u(-3) a composite number?
True
Suppose 5*o - 5 = 5. Suppose -792 + 128 = -4*d + 2*v, -o*d - v = -332. Let k = d + -113. Is k composite?
False
Let b(p) = p**3 + 4*p**2 + 5*p + 20. Let m be b(-4). Suppose m = -q - 3*c + 1668 + 5407, -2 = -c. Is q prime?
True
Let l be (-402985)/44*(5 + -1). Let k = -25194 - l. Is k a prime number?
False
Let z(p) = -p**2 - 5*p + 12. Suppose 5 + 15 = -4*a. Let u be z(a). Suppose -u*c = -6278 - 7390. Is c a composite number?
True
Let z(a) = -a**3 - 4*a**2 + 15. Let q be z(-4). Suppose -q = -5*u + u - n, -u = n. Suppose 5*b + d = -0*d + 4942, -5*b = u*d - 4930. Is b a prime number?
False
Let p = -922 - -1544. Let b(k) = 5*k**3 - k**2 + 2*k - 4. Let v be b(4). Let a = p - v. Is a a prime number?
False
Let p be 6*(0 + 2/3) - 6634. Let z = p + 13453. Is z a composite number?
False
Let b(j) = -j**2 + j + 816. Let y be b(0). Suppose 16 = 5*x + 4*p - 2, 2*p + 2 = 3*x. Suppose -x*r = -y - 754. Is r prime?
False
Suppose 0 = -7*s - 5003 - 22983. Let c = s + 1026. Let l = c + 4333. Is l a composite number?
False
Suppose q + 4 = 0, 142 = 5*g - 5*q + 542. Is ((-455)/2 + 1)*392/g composite?
True
Let s(l) = -53*l**3 - 5*l**2 - 11*l - 8. Let c be s(-5). Suppose 5*u + 23850 = 5*n + 7520, c = 2*n + u. Is n prime?
True
Suppose -39*q + 33*q - 57*q + 20646423 = 0. Is q composite?
False
Suppose -h + 4*h - 30 = 3*i, i - 4*h + 4 = 0. Let y be (i/8 + -3)/(1/2). Is (y - 1)*(-179)/2 a composite number?
True
Suppose -5*x + 1356241 = 2*d, 3*x = 5*d + 573769 + 239988. Is x prime?
False
Suppose -5*u - f - 2*f = -124529, 0 = 4*u - f - 99630. Is u composite?
False
Let y = 223368 + 161554. Is y prime?
False
Let k = -207858 - -292307. Is k a composite number?
False
Let j(d) = 28019*d - 2217. Is j(26) a prime number?
False
Let t(n) = 301*n**2 + 2*n + 24. Let g be t(-6). Let o = -361 + g. Is o a prime number?
True
Let y = -87 + 52. Let m = -31 - y. Suppose 2*w - 707 = -5*s, -m*w = 3*s - w - 426. Is s a composite number?
True
Let b be (-1)/(5/25) + (1 - -2). Let k(m) = m**3 + 2*m**2 - m + 1. Let y be k(b). Is 9666/10 + y/(90/12) a composite number?
False
Suppose -16*a - 17*a + 132 = 0. Suppose -4565 = -a*n + 3*l, 0 = -6*n + 5*n - 5*l + 1124. Is n a prime number?
False
Let i = 47188 - 11877. Is i prime?
True
Let w = -43 + 46. Suppose 2*c + 4820 = 5*t - w*c, 5*t + 3*c = 4852. Suppose -6*f = 2*f - t. Is f composite?
True
Let j(m) = -m**2 + 1199. Let v = -16 - -16. Let g be j(v). Suppose 5*h - 356 = g. Is h prime?
True
Let w = 120 + -116. Suppose -5*d = -9*d - 16, -n + 6647 = w*d. Is n composite?
True
Suppose -u = 3*a - 41813, -2*a + 6645 = -u + 48438. Is u a composite number?
False
Let h(s) = s**2 - 6*s + 8. Let y be h(5). Let a be (-9)/(-2)*(-2 - (-10)/y). Suppose -a*o - 34 = -7*o. Is o a prime number?
False
Suppose -9*u + 22*u = -5*u + 470646. Is u prime?
False
Let g(f) = -4*f**3 + 2*f**2 - 1. Let l be g(-1). Suppose -11*o + l*o + 11352 = 0. Let z = 3549 - o. Is z a composite number?
False
Let r be 136245/(-20) - ((-21)/(-12) + -2). Let g = r - -12117. Is g a prime number?
False
Let n(d) = 7119*d - 2993. Is n(34) prime?
True
Suppose 3511680 = -4*h - 27*h. Is h/(-7) + (-7)/(-49) prime?
True
Let m(w) = w**2 - 9. Let b be m(3). Suppose b = 3*c - 3*d - 37518, -4*c - 3*d = d - 50040. Suppose -10*u + 13822 = -c. Is u a composite number?
False
Suppose -8*m = 66*m - 2107004 - 1292778. Is m a composite number?
False
Suppose -35 = -5*n + 25. Suppose 0 = -u, -5*u - 3 + n = -3*i. Is (i/(-3) + -3 + 3)*571 a composite number?
False
Let i = -107 + 105. Is (1 - i)/(21/10598) composite?
True
Is 1/5 - (-19915176)/820 a prime number?
False
Let g be (5 + -2)/(6*2/20). Suppose -g*w + 2*s - 1563 = 8146, 0 = -4*w - 5*s - 7754. Is (-5 + 144/27)/((-1)/w) a prime number?
True
Let r(s) = 3*s + 10. Let y be r(-5). Let g = y - -11. Suppose g*i - 137 = 181. Is i prime?
True
Let q be (1454/4)/((-1)/(-4)*-2). Let b(m) = 59*m**2 + 10*m + 6. Let p be b(-6). Let a = q + p. Is a a composite number?
True
Let t = 42 - 39. Let b be -5 + 1 + (-3 - -7). Suppose b = 3*l - 2*a - 333, -3*l - t*a + 213 = -135. Is l a composite number?
False
Suppose 3*d - 2*d + 583 = 0. Let f = -15641 - -14385. Let s = d - f. Is s a composite number?
False
Suppose 5*a + 2411 = 2*g, -4*g + a = g - 6016. Suppose -2*z = -g - 63. Is z a composite number?
True
Let i(c) = c**3 + 14*c**2 - 3*c - 28. Let a be i(-14). Is (-1 - 0)*9974*(-7)/a a composite number?
False
Let b = -3839 + 2560. Is (6 + -16)*b + 3 composite?
True
Let a = -2950 - -11849. Is a prime?
False
Suppose 0 = 3*u - 2*u - 4299. Let j = u + -2782. Is j a composite number?
True
Let x = -12719 - -21259. Suppose 0 = 5*s - 2*j + x, 3*s + 4*j = -348 - 4750. Is (2/(-2) + -3)*s/8 a composite number?
False
Let k be (2 - (-9)/(-3))*(-4 - -866). Let a = 1560 + k. Is a a prime number?
False
Suppose 0 = z - 2*y - 659141, 88*z = 89*z - 5*y - 659156. Is z a composite number?
True
Let u(k) = 1289*k**2 - 6*k - 15. Let p be u(-2). Let d = p - 640. Is d composite?
False
Let n(t) = 847*t - 1257. Is n(13) a prime number?
False
Let q be (-3 - 231)/(-6)*1. Suppose -37*m = -q*m + 7156. Is m prime?
False
Suppose -5*k + 18 = -4*o + 7*o, k - 5 = -2*o. Is (-7965)/(-40) + o/(-8) a composite number?
False
Suppose 13*d = -87450 + 32785. Is ((8 - 4) + d)/(-1) prime?
True
Suppose 2*r = v - 13, -5*v = -4*r - 29 - 6. Let y(k) = 14*k**2 + 6*k - 2. Let p be y(r). Suppose 2548 - p = 2*j. Is j composite?
True
Let j be (-2)/(-4) - 61648/(-32). Suppose -j = -5*x - 162. Is x a composite number?
False
Let m be (-1 + -2)/(1*(-6)/6306). Let p be 4/6 - (-20)/6. Suppose -4*b = u - 2526, b + p*b = u + m. Is b a composite number?
False
Let v(t) = -5*t + 70. Let a be v(14). Suppose -3*q = -d + 1666, -2*q = 6 - a. Is d a composite number?
False
Let z(q) = 67 + 26*q**2 - 12*q - 79*q**2 + 30*q**2 + 25*q**2. Is z(-24) prime?
False
Let r(t) = t**2 - 18*t + 34. Let q be r(17). Let o(b) = 33*b**3 - b**2 - 5*b + 4. Let d be o(3). Suppose 0 = 18*m - q*m - d. Is m a prime number?
False
Let z(t) be the third derivative of 1/8*t**4 + 13*t**2 + 1/60*t**5 + 0 + t**3 + 0*t - 1/120*t**6. Is z(-7) composite?
True
Let v(f) = f**2 - 11*f. Let c be v(11). Let x = 7 + 1. Suppose -z - x*z + 3681 = c. Is z composite?
False
Suppose 12*k - 63 = -15. Suppose k*d = v - 731, -2*v + 3706 = 3*v - 3*d. Is v composite?
False
Let x(p) = 4*p**2 - 18*p + 3. Let h be -22 - -5 - ((-3 - -5) + 4). Is x(h) composite?
True
Let p(r) = r**2 - 6*r + 235. Let g be p(35). Is (-1 + 3/2)*(g + -108) prime?
True
Suppose -5*n = 3080 - 41040. Let b be 14/(-77) + n/11. Let g = b - 356. Is g a composite number?
True
Let t = -98167 + 190920. Is t composite?
False
Let p(m) = 4056*m - 1295. Is p(9) a prime number?
False
Suppose 3*v + j = 811148, j - 2*j = -3*v + 811150. Is v a composite number?
True
Let x = 158 - 554. Let p be 4/14 - x/84. Suppose p*t - g - 5865 = 4*g, -3*t - g = -3511. Is t composite?
False
Suppose 1008 = 89*v - 77*v. Suppose 3*x + b = 18378, 0 = -v*x + 79*x - 3*b + 30626. Is x a prime number?
False
Let h be (8/6)/((-10)/45) + 2. Is h/((-12)/(-63))*541/(-3) a composite number?
True
Let i = 80 + -72. Suppose -i*p = 3*p + 57838. Let r = -2575 - p. Is r composite?
False
Suppose 76*o - 16*o = 6060. Let g be (1 - 0) + -2 + -6. Is g/((-2 - -1)/o) a composite number?
True
Let r be (-55952)/40 + (-9)/45. Let d = r + 4601. Is d a prime number?
False
Let g(i) = 98*i + 0*i + 0 + 15*i + 3. Let x be g(1). Suppose -117*p + 263 = -x*p. Is p a prime number?
Tru